{"id":276,"date":"2022-08-24T19:11:24","date_gmt":"2022-08-24T16:11:24","guid":{"rendered":"https:\/\/iyikanlimakina.com\/?page_id=276"},"modified":"2025-05-26T14:55:48","modified_gmt":"2025-05-26T11:55:48","slug":"plastik-kaliplari","status":"publish","type":"page","link":"https:\/\/iyikanlimakina.com\/index.php\/plastik-kaliplari\/","title":{"rendered":"Plastik Kal\u0131plar\u0131"},"content":{"rendered":"\n<div class=\"wp-block-responsive-lightbox-gallery\"><div class=\"rl-gallery-container rl-loading\" id=\"rl-gallery-container-1\" data-gallery_id=\"347\"> <div class=\"rl-gallery rl-basicgrid-gallery \" id=\"rl-gallery-1\" data-gallery_no=\"1\"> <div class=\"rl-gallery-item\"><a href=\"https:\/\/iyikanlimakina.com\/wp-content\/uploads\/2023\/03\/SALCAKUTUSU1-2-scaled.jpg\" title=\"\" data-rl_title=\"\" class=\"rl-gallery-link\" data-rl_caption=\"\" data-rel=\"lightbox-gallery-1\"><img loading=\"lazy\" decoding=\"async\" src=\"https:\/\/iyikanlimakina.com\/wp-content\/uploads\/2023\/03\/SALCAKUTUSU1-2-300x200.jpg\" width=\"300\" height=\"200\" alt=\"\" \/><\/a><\/div><div class=\"rl-gallery-item\"><a href=\"https:\/\/iyikanlimakina.com\/wp-content\/uploads\/2023\/03\/SALCAKUTUSU1-1-scaled.jpg\" title=\"\" data-rl_title=\"\" class=\"rl-gallery-link\" data-rl_caption=\"\" data-rel=\"lightbox-gallery-1\"><img loading=\"lazy\" decoding=\"async\" src=\"https:\/\/iyikanlimakina.com\/wp-content\/uploads\/2023\/03\/SALCAKUTUSU1-1-300x200.jpg\" width=\"300\" height=\"200\" alt=\"\" \/><\/a><\/div><div class=\"rl-gallery-item\"><a href=\"https:\/\/iyikanlimakina.com\/wp-content\/uploads\/2025\/05\/2.jpg\" title=\"\" data-rl_title=\"\" class=\"rl-gallery-link\" data-rl_caption=\"\" data-rel=\"lightbox-gallery-1\"><img loading=\"lazy\" decoding=\"async\" src=\"https:\/\/iyikanlimakina.com\/wp-content\/uploads\/2025\/05\/2-300x200.jpg\" width=\"300\" height=\"200\" alt=\"\" \/><\/a><\/div><div class=\"rl-gallery-item\"><a href=\"https:\/\/iyikanlimakina.com\/wp-content\/uploads\/2025\/05\/Adobe-Express-file.jpg\" title=\"\" data-rl_title=\"\" class=\"rl-gallery-link\" data-rl_caption=\"\" data-rel=\"lightbox-gallery-1\"><img loading=\"lazy\" decoding=\"async\" src=\"https:\/\/iyikanlimakina.com\/wp-content\/uploads\/2025\/05\/Adobe-Express-file-300x200.jpg\" width=\"300\" height=\"200\" alt=\"\" \/><\/a><\/div> <\/div> <\/div><\/div>\n\n\n\n<figure class=\"wp-block-gallery has-nested-images columns-default is-cropped wp-block-gallery-1 is-layout-flex wp-block-gallery-is-layout-flex\"><\/figure>\n","protected":false},"excerpt":{"rendered":"","protected":false},"author":1,"featured_media":0,"parent":0,"menu_order":0,"comment_status":"closed","ping_status":"closed","template":"","meta":{"_themeisle_gutenberg_block_has_review":false,"footnotes":""},"class_list":["post-276","page","type-page","status-publish","hentry"],"yoast_head":"<!-- This site is optimized with the Yoast SEO plugin v19.7.1 - https:\/\/yoast.com\/wordpress\/plugins\/seo\/ -->\n<title>Plastik Kal\u0131plar\u0131 - \u0130yikanl\u0131 Makina<\/title>\n<meta name=\"description\" content=\"\u0130yikanl\u0131 Makina&#039;da Plastik enjeksiyon kal\u0131plar\u0131, Hassas makina par\u00e7alar\u0131, Plastik enjeksiyon makinalar\u0131, vakum kal\u0131p imalat\u0131 ile \u00fcretimin her alan\u0131nda size destek vermekteyiz.1971 y\u0131l\u0131nda kurulan firmam\u0131z manuel torna ve freze ile ilk temellerini atm\u0131\u015f olup, geli\u015fen bilgisayar teknolojisi ile birlikte bilgisayar destekli \u00fcretime ge\u00e7mi\u015ftir: Her ge\u00e7en g\u00fcn, bilgimize bilgi kat\u0131p; \u201cGe\u00e7mi\u015ften Gelece\u011fe\u201d slogan\u0131 ile mevcut bilgimizi CAD ve CAM ile harmanlay\u0131p fiyat odakl\u0131 \u00e7\u00f6z\u00fcmler sunmaktay\u0131z..\" \/>\n<meta name=\"robots\" content=\"index, follow, max-snippet:-1, max-image-preview:large, max-video-preview:-1\" \/>\n<link rel=\"canonical\" href=\"https:\/\/iyikanlimakina.com\/index.php\/plastik-kaliplari\/\" \/>\n<meta property=\"og:locale\" content=\"tr_TR\" \/>\n<meta property=\"og:type\" content=\"article\" \/>\n<meta property=\"og:title\" content=\"Plastik Kal\u0131plar\u0131 - \u0130yikanl\u0131 Makina\" \/>\n<meta property=\"og:description\" content=\"\u0130yikanl\u0131 Makina&#039;da Plastik enjeksiyon kal\u0131plar\u0131, Hassas makina par\u00e7alar\u0131, Plastik enjeksiyon makinalar\u0131, vakum kal\u0131p imalat\u0131 ile \u00fcretimin her alan\u0131nda size destek vermekteyiz.1971 y\u0131l\u0131nda kurulan firmam\u0131z manuel torna ve freze ile ilk temellerini atm\u0131\u015f olup, geli\u015fen bilgisayar teknolojisi ile birlikte bilgisayar destekli \u00fcretime ge\u00e7mi\u015ftir: Her ge\u00e7en g\u00fcn, bilgimize bilgi kat\u0131p; \u201cGe\u00e7mi\u015ften Gelece\u011fe\u201d slogan\u0131 ile mevcut bilgimizi CAD ve CAM ile harmanlay\u0131p fiyat odakl\u0131 \u00e7\u00f6z\u00fcmler sunmaktay\u0131z..\" \/>\n<meta property=\"og:url\" content=\"https:\/\/iyikanlimakina.com\/index.php\/plastik-kaliplari\/\" \/>\n<meta property=\"og:site_name\" content=\"\u0130yikanl\u0131 Makina\" \/>\n<meta property=\"article:modified_time\" content=\"2025-05-26T11:55:48+00:00\" \/>\n<meta name=\"twitter:card\" content=\"summary_large_image\" \/>\n<meta name=\"twitter:label1\" content=\"Tahmini okuma s\u00fcresi\" \/>\n\t<meta name=\"twitter:data1\" content=\"1 dakika\" \/>\n<script type=\"application\/ld+json\" class=\"yoast-schema-graph\">{\"@context\":\"https:\/\/schema.org\",\"@graph\":[{\"@type\":\"WebPage\",\"@id\":\"https:\/\/iyikanlimakina.com\/index.php\/plastik-kaliplari\/\",\"url\":\"https:\/\/iyikanlimakina.com\/index.php\/plastik-kaliplari\/\",\"name\":\"Plastik Kal\u0131plar\u0131 - \u0130yikanl\u0131 Makina\",\"isPartOf\":{\"@id\":\"https:\/\/iyikanlimakina.com\/#website\"},\"datePublished\":\"2022-08-24T16:11:24+00:00\",\"dateModified\":\"2025-05-26T11:55:48+00:00\",\"description\":\"\u0130yikanl\u0131 Makina'da Plastik enjeksiyon kal\u0131plar\u0131, Hassas makina par\u00e7alar\u0131, Plastik enjeksiyon makinalar\u0131, vakum kal\u0131p imalat\u0131 ile \u00fcretimin her alan\u0131nda size destek vermekteyiz.1971 y\u0131l\u0131nda kurulan firmam\u0131z manuel torna ve freze ile ilk temellerini atm\u0131\u015f olup, geli\u015fen bilgisayar teknolojisi ile birlikte bilgisayar destekli \u00fcretime ge\u00e7mi\u015ftir: Her ge\u00e7en g\u00fcn, bilgimize bilgi kat\u0131p; \u201cGe\u00e7mi\u015ften Gelece\u011fe\u201d slogan\u0131 ile mevcut bilgimizi CAD ve CAM ile harmanlay\u0131p fiyat odakl\u0131 \u00e7\u00f6z\u00fcmler sunmaktay\u0131z..\",\"breadcrumb\":{\"@id\":\"https:\/\/iyikanlimakina.com\/index.php\/plastik-kaliplari\/#breadcrumb\"},\"inLanguage\":\"tr\",\"potentialAction\":[{\"@type\":\"ReadAction\",\"target\":[\"https:\/\/iyikanlimakina.com\/index.php\/plastik-kaliplari\/\"]}]},{\"@type\":\"BreadcrumbList\",\"@id\":\"https:\/\/iyikanlimakina.com\/index.php\/plastik-kaliplari\/#breadcrumb\",\"itemListElement\":[{\"@type\":\"ListItem\",\"position\":1,\"name\":\"Anasayfa\",\"item\":\"https:\/\/iyikanlimakina.com\/\"},{\"@type\":\"ListItem\",\"position\":2,\"name\":\"Plastik Kal\u0131plar\u0131\"}]},{\"@type\":\"WebSite\",\"@id\":\"https:\/\/iyikanlimakina.com\/#website\",\"url\":\"https:\/\/iyikanlimakina.com\/\",\"name\":\"\u0130yikanl\u0131 Makina\",\"description\":\"Ge\u00e7mi\u015ften Gelece\u011fe\",\"publisher\":{\"@id\":\"https:\/\/iyikanlimakina.com\/#organization\"},\"potentialAction\":[{\"@type\":\"SearchAction\",\"target\":{\"@type\":\"EntryPoint\",\"urlTemplate\":\"https:\/\/iyikanlimakina.com\/?s={search_term_string}\"},\"query-input\":\"required name=search_term_string\"}],\"inLanguage\":\"tr\"},{\"@type\":\"Organization\",\"@id\":\"https:\/\/iyikanlimakina.com\/#organization\",\"name\":\"\u0130yikanl\u0131 Makina\",\"url\":\"https:\/\/iyikanlimakina.com\/\",\"sameAs\":[],\"logo\":{\"@type\":\"ImageObject\",\"inLanguage\":\"tr\",\"@id\":\"https:\/\/iyikanlimakina.com\/#\/schema\/logo\/image\/\",\"url\":\"https:\/\/iyikanlimakina.com\/wp-content\/uploads\/2022\/06\/cropped-cropped-indir-1.png\",\"contentUrl\":\"https:\/\/iyikanlimakina.com\/wp-content\/uploads\/2022\/06\/cropped-cropped-indir-1.png\",\"width\":512,\"height\":512,\"caption\":\"\u0130yikanl\u0131 Makina\"},\"image\":{\"@id\":\"https:\/\/iyikanlimakina.com\/#\/schema\/logo\/image\/\"}}]}<\/script>\n<!-- \/ Yoast SEO plugin. -->","yoast_head_json":{"title":"Plastik Kal\u0131plar\u0131 - \u0130yikanl\u0131 Makina","description":"\u0130yikanl\u0131 Makina'da Plastik enjeksiyon kal\u0131plar\u0131, Hassas makina par\u00e7alar\u0131, Plastik enjeksiyon makinalar\u0131, vakum kal\u0131p imalat\u0131 ile \u00fcretimin her alan\u0131nda size destek vermekteyiz.1971 y\u0131l\u0131nda kurulan firmam\u0131z manuel torna ve freze ile ilk temellerini atm\u0131\u015f olup, geli\u015fen bilgisayar teknolojisi ile birlikte bilgisayar destekli \u00fcretime ge\u00e7mi\u015ftir: Her ge\u00e7en g\u00fcn, bilgimize bilgi kat\u0131p; \u201cGe\u00e7mi\u015ften Gelece\u011fe\u201d slogan\u0131 ile mevcut bilgimizi CAD ve CAM ile harmanlay\u0131p fiyat odakl\u0131 \u00e7\u00f6z\u00fcmler sunmaktay\u0131z..","robots":{"index":"index","follow":"follow","max-snippet":"max-snippet:-1","max-image-preview":"max-image-preview:large","max-video-preview":"max-video-preview:-1"},"canonical":"https:\/\/iyikanlimakina.com\/index.php\/plastik-kaliplari\/","og_locale":"tr_TR","og_type":"article","og_title":"Plastik Kal\u0131plar\u0131 - \u0130yikanl\u0131 Makina","og_description":"\u0130yikanl\u0131 Makina'da Plastik enjeksiyon kal\u0131plar\u0131, Hassas makina par\u00e7alar\u0131, Plastik enjeksiyon makinalar\u0131, vakum kal\u0131p imalat\u0131 ile \u00fcretimin her alan\u0131nda size destek vermekteyiz.1971 y\u0131l\u0131nda kurulan firmam\u0131z manuel torna ve freze ile ilk temellerini atm\u0131\u015f olup, geli\u015fen bilgisayar teknolojisi ile birlikte bilgisayar destekli \u00fcretime ge\u00e7mi\u015ftir: Her ge\u00e7en g\u00fcn, bilgimize bilgi kat\u0131p; \u201cGe\u00e7mi\u015ften Gelece\u011fe\u201d slogan\u0131 ile mevcut bilgimizi CAD ve CAM ile harmanlay\u0131p fiyat odakl\u0131 \u00e7\u00f6z\u00fcmler sunmaktay\u0131z..","og_url":"https:\/\/iyikanlimakina.com\/index.php\/plastik-kaliplari\/","og_site_name":"\u0130yikanl\u0131 Makina","article_modified_time":"2025-05-26T11:55:48+00:00","twitter_card":"summary_large_image","twitter_misc":{"Tahmini okuma s\u00fcresi":"1 dakika"},"schema":{"@context":"https:\/\/schema.org","@graph":[{"@type":"WebPage","@id":"https:\/\/iyikanlimakina.com\/index.php\/plastik-kaliplari\/","url":"https:\/\/iyikanlimakina.com\/index.php\/plastik-kaliplari\/","name":"Plastik Kal\u0131plar\u0131 - \u0130yikanl\u0131 Makina","isPartOf":{"@id":"https:\/\/iyikanlimakina.com\/#website"},"datePublished":"2022-08-24T16:11:24+00:00","dateModified":"2025-05-26T11:55:48+00:00","description":"\u0130yikanl\u0131 Makina'da Plastik enjeksiyon kal\u0131plar\u0131, Hassas makina par\u00e7alar\u0131, Plastik enjeksiyon makinalar\u0131, vakum kal\u0131p imalat\u0131 ile \u00fcretimin her alan\u0131nda size destek vermekteyiz.1971 y\u0131l\u0131nda kurulan firmam\u0131z manuel torna ve freze ile ilk temellerini atm\u0131\u015f olup, geli\u015fen bilgisayar teknolojisi ile birlikte bilgisayar destekli \u00fcretime ge\u00e7mi\u015ftir: Her ge\u00e7en g\u00fcn, bilgimize bilgi kat\u0131p; \u201cGe\u00e7mi\u015ften Gelece\u011fe\u201d slogan\u0131 ile mevcut bilgimizi CAD ve CAM ile harmanlay\u0131p fiyat odakl\u0131 \u00e7\u00f6z\u00fcmler sunmaktay\u0131z..","breadcrumb":{"@id":"https:\/\/iyikanlimakina.com\/index.php\/plastik-kaliplari\/#breadcrumb"},"inLanguage":"tr","potentialAction":[{"@type":"ReadAction","target":["https:\/\/iyikanlimakina.com\/index.php\/plastik-kaliplari\/"]}]},{"@type":"BreadcrumbList","@id":"https:\/\/iyikanlimakina.com\/index.php\/plastik-kaliplari\/#breadcrumb","itemListElement":[{"@type":"ListItem","position":1,"name":"Anasayfa","item":"https:\/\/iyikanlimakina.com\/"},{"@type":"ListItem","position":2,"name":"Plastik Kal\u0131plar\u0131"}]},{"@type":"WebSite","@id":"https:\/\/iyikanlimakina.com\/#website","url":"https:\/\/iyikanlimakina.com\/","name":"\u0130yikanl\u0131 Makina","description":"Ge\u00e7mi\u015ften Gelece\u011fe","publisher":{"@id":"https:\/\/iyikanlimakina.com\/#organization"},"potentialAction":[{"@type":"SearchAction","target":{"@type":"EntryPoint","urlTemplate":"https:\/\/iyikanlimakina.com\/?s={search_term_string}"},"query-input":"required name=search_term_string"}],"inLanguage":"tr"},{"@type":"Organization","@id":"https:\/\/iyikanlimakina.com\/#organization","name":"\u0130yikanl\u0131 Makina","url":"https:\/\/iyikanlimakina.com\/","sameAs":[],"logo":{"@type":"ImageObject","inLanguage":"tr","@id":"https:\/\/iyikanlimakina.com\/#\/schema\/logo\/image\/","url":"https:\/\/iyikanlimakina.com\/wp-content\/uploads\/2022\/06\/cropped-cropped-indir-1.png","contentUrl":"https:\/\/iyikanlimakina.com\/wp-content\/uploads\/2022\/06\/cropped-cropped-indir-1.png","width":512,"height":512,"caption":"\u0130yikanl\u0131 Makina"},"image":{"@id":"https:\/\/iyikanlimakina.com\/#\/schema\/logo\/image\/"}}]}},"featured_media_urls":[],"_links":{"self":[{"href":"https:\/\/iyikanlimakina.com\/index.php\/wp-json\/wp\/v2\/pages\/276","targetHints":{"allow":["GET"]}}],"collection":[{"href":"https:\/\/iyikanlimakina.com\/index.php\/wp-json\/wp\/v2\/pages"}],"about":[{"href":"https:\/\/iyikanlimakina.com\/index.php\/wp-json\/wp\/v2\/types\/page"}],"author":[{"embeddable":true,"href":"https:\/\/iyikanlimakina.com\/index.php\/wp-json\/wp\/v2\/users\/1"}],"replies":[{"embeddable":true,"href":"https:\/\/iyikanlimakina.com\/index.php\/wp-json\/wp\/v2\/comments?post=276"}],"version-history":[{"count":4,"href":"https:\/\/iyikanlimakina.com\/index.php\/wp-json\/wp\/v2\/pages\/276\/revisions"}],"predecessor-version":[{"id":349,"href":"https:\/\/iyikanlimakina.com\/index.php\/wp-json\/wp\/v2\/pages\/276\/revisions\/349"}],"wp:attachment":[{"href":"https:\/\/iyikanlimakina.com\/index.php\/wp-json\/wp\/v2\/media?parent=276"}],"curies":[{"name":"wp","href":"https:\/\/api.w.org\/{rel}","templated":true}]}}